Let z(g) = -4 + b + 7*g + 2*g**2 + 3 + 0. Determine z(-4).
8
Let s = 0 - -3. Let l(i) = 0 + 8*i + 0 - 4 - 9*i. What is l(s)?
-7
Let m(h) be the third derivative of 0*h - 6*h**2 + 0*h**3 + 0 - 1/12*h**4. What is m(-2)?
4
Let c(x) = 9*x - 9*x - x**2 - 5*x**2. What is c(-1)?
-6
Let c(g) = -g**3 - g**2 + 2*g - 1. Let u = 6 - 8. Calculate c(u).
-1
Let h(w) = 2*w**2 + 5*w + 7. Let i(t) = 8 - 11*t + t - 5*t**2 - 23. Let j(y) = 7*h(y) + 3*i(y). Give j(6).
-2
Let y(m) = 6 + 4*m - m**2 + 4 - 12. Determine y(4).
-2
Suppose -1 - 11 = -g. Suppose -3*t = 5*i + 2 + 5, -4*i + 4*t = g. Let p(c) = -2*c - 2. What is p(i)?
2
Let w(n) be the second derivative of -n**5/60 + n**4/24 - 4*n**3/3 + n. Let u(y) be the second derivative of w(y). Suppose 13 + 2 = 5*s. Determine u(s).
-5
Let v(n) = n - 17. Let j be v(14). Let w(z) = -z**3 - 4*z**2 + 3. Give w(j).
-6
Let d be 0/(1 + 2) + (4 - 2). Let v(b) = 7*b**2 - 4*b + 2. What is v(d)?
22
Let m = 10 + -9. Let t be (1 + -4)/((-3)/m). Let a(w) = 7*w**2 - 1. What is a(t)?
6
Let y(g) be the second derivative of g**6/360 + g**5/40 - g**4/4 - 2*g. Let m(w) be the third derivative of y(w). Determine m(-2).
-1
Let o(p) = -p**3 - 6*p**2 + 4*p - 1. Suppose 0 = -9*b - 55 - 8. Calculate o(b).
20
Let m(d) = d**2 + 4*d. Let j be (-47)/9 + (-36)/(-162). What is m(j)?
5
Let t(v) = v**2 + v - 2. Let g be 13/4 - 1/4. Suppose -2*f - g*o - 16 = 0, -2*f = -0*f + 2*o + 16. Let y(q) = -q**2 - 9*q - 6. Let a be y(f). What is t(a)?
4
Suppose -h + 42 = -7*h. Let o(l) = -6*l**2 + l + 4. Let d(i) = 5*i**2 - 2*i - 3. Let q(a) = -7*d(a) - 6*o(a). What is q(h)?
-10
Let u(c) = -c + 1. Let g be u(-5). Let o(n) = n**3 - 6*n**2 - n + 1. Determine o(g).
-5
Let r(t) = t - 3. Suppose 5*v = -2*i - 10, -5*i + 5 - 30 = 2*v. Calculate r(v).
-3
Suppose 0 = 2*l - 10, 0 = -3*o + o - 3*l + 7. Let u(q) be the second derivative of q**4/12 + 2*q**3/3 + 3*q**2 - 3*q. Determine u(o).
6
Let h(w) = -5*w**3 + 4*w**2 + 5*w + 5. Let y(u) = 9*u**3 - 7*u**2 - 9*u - 10. Let g(s) = 7*h(s) + 4*y(s). What is g(0)?
-5
Let f(b) be the second derivative of -b**6/360 - b**5/120 + b**4/12 - b**3/3 - 7*b. Let y(w) be the second derivative of f(w). Give y(-4).
-10
Let r(u) = u + 4. Let o = -22 + 16. Determine r(o).
-2
Let i(r) = -r**3 + 11*r**2 + r - 13. Let t be i(11). Let f(w) = 2*w. What is f(t)?
-4
Let k(i) = -16*i**2 - 21*i. Suppose -17*j + 22*j - 110 = 0. Let x(q) = -3*q**2 - 4*q. Let g(s) = j*x(s) - 4*k(s). Determine g(-3).
-6
Let l(g) = -3*g - 13. Let p(i) be the first derivative of i**2 + 9*i + 3. Let s(d) = 5*l(d) + 7*p(d). Determine s(-5).
3
Let l(z) = -z + 1. Let u(n) = 5*n - 6. Let v(c) = -2*l(c) - u(c). Let r(x) = 16*x - 19. Let t(y) = -2*r(y) - 11*v(y). Calculate t(0).
-6
Let a(f) be the third derivative of 7*f**4/24 + 2*f**2. Let m(v) = -v**3 - 4*v**2 - 3*v. Let h be m(-3). Let p = h + 1. Calculate a(p).
7
Let t be 6/2*(2 + -1). Let z(y) = y**3 - 5*y**2 + 4*y. Give z(t).
-6
Let i(p) = -2*p**3 + p**2. Let s(l) = 8*l**3 - 3*l**2. Let v(u) = 9*i(u) + 2*s(u). Let t(g) = 3*g**3 + 27*g**2 - 4*g - 34. Let n be t(-9). Determine v(n).
-4
Let x(i) = -i**3 + i. Let o be x(1). Suppose 5 = s, o*s - 4*s + 30 = 5*j. Let t(g) = 7 - 2*g**j - g**2 + 2*g**2 - 4*g. Give t(-6).
-5
Suppose 4*d - 13 = -5. Let p(t) = -4*t + 3 - 3 + d + 2 + t**2. Determine p(5).
9
Let h(u) = 1 + u**2 - 3*u + 3*u - 3*u - u. What is h(5)?
6
Let l(h) = -2*h + 1. Let t be (0 - -1)/(-3 - -2). Determine l(t).
3
Let a(y) = y**3 + 7*y**2 - y - 4. Let s(w) = -2*w**3 - 15*w**2 + 3*w + 9. Let i(d) = -9*a(d) - 4*s(d). What is i(-2)?
2
Let v(k) = -k**2 - 6*k - 2. Let p be v(-5). Let l(g) = -g**2 - 17*g + 18*g + 10 - 4*g**3 + p*g**3. Give l(0).
10
Suppose -3*g + 4*g + n = 8, 3*g - 26 = -4*n. Let y(m) = -m - 6. Calculate y(g).
-12
Let a be 8 + (-4)/(-4) + -2. Let w(i) = i**3 - 6*i**2 - 6*i - 5. Calculate w(a).
2
Let d(y) be the second derivative of -1/12*y**4 + 5*y + 5/2*y**2 + 0 - 1/3*y**3. Give d(-5).
-10
Let n be -1 + 3 + 0/(-1). Let d(q) = 0*q + 0*q - n*q + 7 + q. Give d(5).
2
Suppose 0*i - 2*i - 14 = 5*a, -i - 5*a - 17 = 0. Suppose 14 = -i*b + 4*b - 4*d, 2*b = -3*d - 16. Let k(l) = l**3 + 2*l**2 + 2*l. Determine k(b).
-4
Let y(b) = b**3 - 2*b - 1. Let u be (-3)/(1 + 3/6). Let o be y(u). Let g(h) = -h**3 - 6*h**2 - 2*h + 6. What is g(o)?
-9
Let r = -20 - -14. Let l be r*(2 - 16/6). Let k(b) = -b + 5. Give k(l).
1
Let j(h) be the first derivative of h**3/3 - 7*h**2/2 + 6*h + 1. Let p = 45 - 39. Determine j(p).
0
Let a(v) = v**3 - 2*v. Suppose 0 = 5*y - 1 - 4. Let l(j) = 8*j - 1. Let n be l(y). Suppose -2*b = -n*b + 10. Determine a(b).
4
Let v(d) = d**2 - 24*d - 88. Let h be v(27). Let p(x) = -x**3 - 8*x**2 - 7*x. What is p(h)?
0
Let b(m) = 0*m**2 + 5*m + 4*m**2 - 1 - m**2 - 2*m**2. Determine b(-4).
-5
Let x(o) = 0 + 2 + 3 - 1 - 5*o - o**2. Give x(-3).
10
Let x(s) = s**3 + 6*s**2 + 3*s. Suppose 0 = 3*z - 0*z + 12. Determine x(z).
20
Let h(k) = -2*k**2 - k. Let s(m) = -m**2 - m. Let a(d) = -2*h(d) + 3*s(d). Suppose 5*l - 5 = -5*y, -3*l - 4 = -4*y - 4*l. Give a(y).
0
Let h(v) = -v**3 - 2*v**2 + 5*v + 3. Let d(b) be the second derivative of 1/6*b**4 + 0 - 1/20*b**5 + 3/2*b**2 + b + 1/6*b**3. Let u be d(3). Calculate h(u).
-3
Let a be 32/(-6)*(-6)/4. Let q be (-12)/7*(-28)/a. Let w(r) = 2*r - 8. Give w(q).
4
Suppose -2 = a, 0 = 4*q - 0*a + 2*a - 16. Let w(x) = -x + 0*x + 2 - q. Give w(3).
-6
Suppose 4*l + 1 = -3*s + 8, -5*l - 2*s = -14. Let r(i) = 0*i + 4*i - 3*i - 2 - l. Give r(0).
-6
Let c(b) = -b. Let o(s) = 3*s**2 - s - 4. Let z(q) = -4*c(q) + o(q). Let k = 4 - 7. Give z(k).
14
Suppose -15 = 18*y - 13*y. Let p(c) = 4*c - 3. Determine p(y).
-15
Let k(p) = -6*p - 6*p - 6 - p**3 + 6*p - 5*p**2 + 0*p**3. Let v(r) = 0*r - 4*r**2 + 0*r + 0*r. Let s be v(-1). Calculate k(s).
2
Let b be (-14)/(-6) + (-4)/12. Let k(z) = -2*z**b + 0 - 4 - 2*z**2 + 4*z - z**3. Suppose -4*r = -0*q - q + 15, 5*r = 3*q - 10. Calculate k(q).
1
Let n(k) = -5*k**3 - 5*k**2 - 5. Let j be -2 + 2 + -6 + -2. Let z(g) = 3*g**3 + 3*g**2 + 3. Let p(u) = j*z(u) - 5*n(u). Calculate p(-2).
-3
Suppose 3*q + 3 = -0. Let n(w) = -4*w**3 + 3*w**2. Let k(a) = -21*a**3 + 16*a**2. Let f(i) = -2*k(i) + 11*n(i). Determine f(q).
3
Let c(h) = h**3 - 3*h**2 + 4*h - 2. Let v be 8/16 + (-1)/2. Suppose v = 5*y + 3*f - 19, f + 15 = 3*y + 4*f. What is c(y)?
2
Let w(j) = -j**3 + j**2 + 1. Let d(s) be the second derivative of -s**5/4 - s**4/12 - s**3 - s**2 + 3*s. Let v(m) = d(m) - 4*w(m). Determine v(-4).
2
Let h(g) = -g**3 + 3*g**2 + 4*g - 4. Let b = 2 - -1. Suppose 0 = 4*c + b*y - 66, 2*c - y = y + 40. Suppose 4*p + z + 2 - c = 0, 16 = 4*p - 5*z. Give h(p).
-4
Let m(y) = 2*y**3 + 3*y**2 + 3*y + 2. Suppose 0*r - 4*d = 2*r + 20, d = -2*r - 8. Determine m(r).
-8
Let m(i) be the third derivative of -i**4/12 - i**3 - 15*i**2. What is m(-4)?
2
Let s(u) = 2*u - 37*u**2 - 33*u**2 + 4 + u**3 + 67*u**2. Calculate s(3).
10
Let q = -36 + 26. Let o be (12/q)/((-12)/40). Let r(w) = 2*w**2 + 5*w - 1. Let d(i) = 5*i**2 + 10*i - 3. Let x(j) = 3*d(j) - 7*r(j). Calculate x(o).
-6
Let z(h) = h**2 - 7*h + 2. Let c be z(6). Let f = c + 8. Let w(x) = -5*x + 1 - 5 + 4*x. Give w(f).
-8
Let o(b) = b**3 - b - 1. Let z(k) = -11*k**3 + 4*k + 5. Let h(g) = -4*o(g) - z(g). Suppose -3*u = 35 - 11. Let d be (-11)/(-9) - u/(-36). Determine h(d).
6
Let b = 20 + -15. Let n(k) = 1. Let o(j) = -j + 4. Let f(v) = 2*n(v) - o(v). Give f(b).
3
Let k(u) = 4*u + u**2 + u**2 - u**2 - 7. Give k(-6).
5
Let x(v) = -v + 1. Let s = 36 + -17. Suppose 0 = 5*w + 2*c - s, 0 = 5*c - 0*c + 15. Determine x(w).
-4
Let z(x) be the third derivative of -1/15*x**5 - 1/120*x**6 + 1/4*x**4 + 0 + 0*x - 6*x**2 + 1/6*x**3. Calculate z(-5).
-4
Let j(m) be the second derivative of -m**3/6 + 2*m**2 - 3*m. Let z(v) = 6*v**2 + v. Let s be z(-1). Give j(s).
-1
Let k(z) = -z + 1. Let i(p) = -p + 1. Let h(o) = -2*i(o) + 3*k(o). Let f = 5 - 2. Suppose -2*n - n = f. Calculate h(n).
2
Let c(g) = g**2 + 3*g + 2. Let u(k) = 3*k**2 + 5*k + 5. Let s(z) = -5*c(z) + 2*u(z). Suppose -5*x = -3*o + 40, -o + 26 = -3*x + 6. Determine s(o).
0
Let i(u) = -37*u - 3. Let t(z) be the first derivative of 6*z**2 + z + 4. Let q(o) = -2*i(o) - 7*t(o). Calculate q(-1).
9
Suppose 3 + 30 = -11*s. Let g(l) be the third derivative of -l**6/720 - l**5/60 - l**4/12 - l**2. Let i(o) be